 factor of 25901652 and 448.
28
What is the highest common factor of 78 and 3359837?
13
Calculate the highest common divisor of 1409 and 351.
1
Calculate the highest common factor of 32788 and 87388.
28
Calculate the highest common divisor of 2243645 and 42992.
2687
Calculate the highest common divisor of 465152 and 23368.
184
What is the highest common divisor of 3068 and 3197233?
13
Calculate the greatest common divisor of 182220 and 540.
60
Calculate the greatest common factor of 80 and 38594032.
16
Calculate the highest common divisor of 2569 and 387554202.
2569
Calculate the highest common divisor of 61137 and 45.
9
Calculate the highest common factor of 24 and 4768744.
8
What is the greatest common factor of 12262696 and 632?
632
What is the highest common divisor of 221936 and 2125864?
104
Calculate the greatest common factor of 145913046 and 7795.
1559
What is the greatest common factor of 867859 and 1789400?
8947
What is the highest common divisor of 40308927 and 87?
87
What is the highest common divisor of 12620405 and 162155?
3955
What is the greatest common factor of 525803 and 1426?
23
Calculate the highest common divisor of 316 and 95431052.
316
What is the highest common factor of 8760 and 3908055?
1095
What is the greatest common divisor of 1266 and 7704?
6
What is the greatest common divisor of 3918 and 1421?
1
What is the greatest common divisor of 70658 and 67228?
686
Calculate the highest common divisor of 1590 and 17962845.
15
Calculate the greatest common factor of 401154 and 1278498.
2886
What is the highest common factor of 162 and 9702585?
81
What is the highest common divisor of 67907 and 21?
7
Calculate the highest common divisor of 18 and 171314694.
18
Calculate the greatest common factor of 26252 and 19456.
4
What is the greatest common factor of 1740 and 26693949?
87
What is the greatest common divisor of 18 and 55710081?
9
Calculate the highest common factor of 291268247 and 691.
691
What is the highest common divisor of 5420675 and 1144975?
4225
Calculate the greatest common divisor of 432306 and 166803.
987
What is the greatest common divisor of 19418 and 4354?
14
What is the greatest common factor of 325 and 9617777?
13
What is the highest common factor of 29222 and 57722?
38
What is the highest common factor of 43758 and 656676?
306
What is the greatest common divisor of 58613297 and 2253?
751
Calculate the highest common factor of 771628 and 20332.
52
What is the highest common factor of 4350 and 134462850?
4350
What is the highest common factor of 8593845 and 65?
65
What is the highest common divisor of 73941101 and 70328?
8791
What is the greatest common factor of 22087 and 37908?
13
Calculate the highest common divisor of 6919 and 92907.
37
What is the greatest common divisor of 994 and 126606277?
497
Calculate the highest common factor of 101591530 and 80.
10
What is the highest common divisor of 4115 and 61505?
5
What is the highest common factor of 6664 and 914872?
952
Calculate the greatest common factor of 20 and 256498525.
5
Calculate the greatest common divisor of 4 and 29159314.
2
What is the highest common factor of 17955800 and 1400?
200
What is the greatest common divisor of 77392 and 890736?
112
What is the highest common divisor of 4042 and 20295656?
86
Calculate the greatest common divisor of 6318 and 11809746.
702
Calculate the greatest common factor of 960 and 79118880.
480
Calculate the greatest common divisor of 105 and 10453611.
21
Calculate the greatest common factor of 17052088 and 68.
68
Calculate the greatest common factor of 55820825 and 200.
25
What is the highest common factor of 29440 and 49560?
40
Calculate the highest common factor of 393 and 107785621.
131
Calculate the greatest common factor of 464737 and 5602379.
5107
What is the greatest common divisor of 5255 and 2239681?
1051
What is the greatest common divisor of 2802 and 170913594?
2802
What is the greatest common divisor of 1423445 and 80?
5
Calculate the greatest common divisor of 346536 and 17704.
8
Calculate the highest common divisor of 433 and 4826853211.
433
What is the highest common factor of 222 and 18821974?
74
What is the highest common factor of 63206049 and 4274?
2137
Calculate the highest common divisor of 34153728 and 336.
336
Calculate the highest common factor of 8398613 and 31.
31
Calculate the greatest common factor of 360865800 and 80325.
11475
What is the highest common factor of 38906 and 6953058?
5558
Calculate the highest common divisor of 23520 and 1021920.
480
What is the highest common factor of 3587634 and 216?
18
What is the greatest common divisor of 30942 and 2923446?
1146
What is the greatest common divisor of 10920 and 418748400?
840
What is the highest common divisor of 251190 and 2655?
45
Calculate the greatest common divisor of 769135 and 368721.
773
Calculate the highest common divisor of 2504 and 8313593.
313
Calculate the greatest common divisor of 570 and 15410550.
30
What is the greatest common factor of 1252 and 45341806?
626
What is the greatest common divisor of 31 and 3429499?
31
What is the greatest common divisor of 129757368 and 12?
12
What is the highest common factor of 23 and 3450414?
23
Calculate the highest common factor of 470175 and 1050.
75
What is the greatest common factor of 25874 and 17068?
34
Calculate the greatest common factor of 1382022 and 160056.
3078
What is the greatest common factor of 377576 and 7911776?
3464
What is the highest common divisor of 38528200 and 3200?
200
What is the highest common divisor of 680637 and 3705?
57
Calculate the highest common factor of 14504958 and 72.
18
What is the highest common divisor of 2100 and 237094900?
700
Calculate the greatest common factor of 18512 and 409968.
208
What is the highest common factor of 110 and 2421190?
10
What is the highest common divisor of 742265856 and 5652?
5652
What is the highest common divisor of 14 and 1591345?
7
What is the greatest common factor of 818 and 91229086?
818
What is the greatest common divisor of 1921 and 291137155?
1921
Calculate the highest common divisor of 33255 and 25853915.
3695
Calculate the greatest common divisor of 19999980 and 410.
10
Calculate the greatest common factor of 448 and 1475675040.
224
Calculate the greatest common factor of 403863 and 151719.
309
Calculate the highest common divisor of 63645 and 524142033.
12729
Calculate the highest common divisor of 7052 and 11772248.
164
What is the highest common factor of 832 and 346910096?
208
What is the greatest common factor of 278 and 544306486?
278
What is the greatest common factor of 280366 and 9682?
206
Calculate the greatest common divisor of 4326 and 114214331.
721
What is the greatest common divisor of 661817 and 4615?
13
Calculate the highest common divisor of 6 and 291314958.
6
Calculate the highest common divisor of 82470 and 9330.
30
Calculate the greatest common factor of 101112770 and 68.
34
Calculate the highest common factor of 1702 and 16388558.
1702
What is the greatest common divisor of 32214 and 271726?
182
Calculate the highest common factor of 44702 and 24339518.
1442
What is the greatest common divisor of 39035559 and 237?
237
Calculate the greatest common divisor of 1165 and 4045113.
233
What is the highest common divisor of 6359 and 4473?
1
What is the greatest common divisor of 3320 and 1896280?
40
What is the greatest common divisor of 333 and 47232?
9
Calculate the highest common divisor of 653106 and 9690.
1938
What is the greatest common divisor of 2650 and 459934?
106
Calculate the highest common divisor of 8951783 and 1527.
509
Calculate the greatest common factor of 3333551 and 30199.
299
What is the greatest common divisor of 137630730 and 58290?
2010
Calculate the greatest common factor of 1846990 and 722.
38
What is the highest common divisor of 2023 and 3353539?
119
What is the highest common divisor of 196106 and 566177?
3163
What is the greatest common divisor of 15386 and 3247702?
314
What is the highest common factor of 59208 and 12162?
6
What is the highest common divisor of 931542 and 535?
107
Calculate the highest common divisor of 113 and 315907.
1
Calculate the highest common divisor of 87 and 205026.
3
Calculate the greatest common factor of 5848 and 298